number?
False
Is 103935487 composite?
True
Is 839440457 a prime number?
True
Is 93016219 a prime number?
False
Is 884284001 a composite number?
False
Is 33000923 prime?
True
Is 86078066831 composite?
True
Is 279268733 composite?
False
Is 2014308539 a composite number?
False
Is 4532662 prime?
False
Is 381165418 a prime number?
False
Is 452344999 prime?
True
Is 6664731713 a prime number?
True
Is 14584078301 composite?
True
Is 7897142139 composite?
True
Is 42465616499 composite?
True
Is 29593833286 composite?
True
Is 1842453031 a composite number?
True
Is 2417034623 a prime number?
False
Is 14611430221 a composite number?
False
Is 351925877 a prime number?
True
Is 12132731469 a composite number?
True
Is 4291699493 a composite number?
True
Is 4578021947 prime?
True
Is 2437020501 prime?
False
Is 119017529 a prime number?
False
Is 1946345321 a composite number?
True
Is 177487549 a prime number?
True
Is 21727967509 a prime number?
True
Is 7405147682 composite?
True
Is 5950105823 a prime number?
True
Is 968474371 prime?
False
Is 1644732365 a composite number?
True
Is 1599163463 prime?
False
Is 1938981277 a composite number?
False
Is 2165328619 a prime number?
True
Is 3093618833 a prime number?
False
Is 38012658629 a prime number?
False
Is 329319059 a composite number?
True
Is 511768291 a prime number?
True
Is 424590179467 composite?
False
Is 780483091 a prime number?
True
Is 5236174213 composite?
True
Is 8826527627 a composite number?
False
Is 80187937567 prime?
True
Is 54105086419 composite?
True
Is 1451883331 composite?
True
Is 25377699197 a composite number?
False
Is 2918483389 composite?
False
Is 2578838618 composite?
True
Is 4666939757 composite?
True
Is 5608173971 composite?
True
Is 2957300551 a composite number?
False
Is 61059483169 a composite number?
False
Is 5527367459 a composite number?
False
Is 653260589 composite?
True
Is 92352887777 a composite number?
False
Is 15382167833 prime?
True
Is 553006819 a prime number?
True
Is 119321407 a prime number?
True
Is 27215324867 a prime number?
True
Is 6787652747 composite?
True
Is 10065380393 a composite number?
False
Is 452823027 prime?
False
Is 2031247469 a prime number?
True
Is 9747441953 a composite number?
False
Is 1154503981 a composite number?
False
Is 47371311443 prime?
True
Is 550409059 a prime number?
False
Is 646966741 a prime number?
False
Is 3335573027 prime?
False
Is 42689264909 a composite number?
True
Is 165145957 composite?
True
Is 2119208581 a prime number?
False
Is 5256551777 a composite number?
True
Is 13779923327 composite?
True
Is 1311824957 a prime number?
True
Is 54442708717 a composite number?
False
Is 1480337041 composite?
True
Is 674707037 a composite number?
False
Is 678310393 prime?
False
Is 29499614401 a composite number?
False
Is 2472979073 a composite number?
False
Is 43231802903 a prime number?
True
Is 906621269 a composite number?
True
Is 5977552067 composite?
False
Is 2182382903 a composite number?
False
Is 1671105949 a composite number?
False
Is 882749981 prime?
False
Is 29570176117 prime?
True
Is 318379031 a prime number?
True
Is 94569345293 prime?
False
Is 729875147 a composite number?
False
Is 43870085629 a composite number?
True
Is 2434284277 a composite number?
False
Is 453604087 prime?
False
Is 4746128623 prime?
True
Is 149330903 composite?
False
Is 32110154483 a prime number?
False
Is 528362122 a prime number?
False
Is 7482034093 a prime number?
False
Is 6018193031 prime?
False
Is 4516686071 a composite number?
True
Is 1332790363 a composite number?
False
Is 853844399 a prime number?
True
Is 520201463 a prime number?
False
Is 2504462261 a prime number?
False
Is 12648854131 a prime number?
False
Is 946481177 a composite number?
False
Is 10157643173 composite?
False
Is 20132066057 prime?
False
Is 2407013069 a prime number?
False
Is 1886856283 prime?
False
Is 1836086027 prime?
True
Is 5805463121 a composite number?
False
Is 41190436919 prime?
True
Is 4547668273 prime?
False
Is 736780501 a composite number?
True
Is 22512083369 a prime number?
True
Is 33409830739 composite?
False
Is 57257384341 composite?
False
Is 4423724863 a composite number?
False
Is 2794554323 a prime number?
False
Is 9866805481 a prime number?
False
Is 1293970217 a prime number?
False
Is 6246668443 composite?
False
Is 102609553313 a composite number?
False
Is 9585290413 a composite number?
False
Is 135832394 a prime number?
False
Is 15518850563 composite?
False
Is 11512406101 a prime number?
False
Is 2341877537 prime?
True
Is 976339103 a prime number?
True
Is 68289826009 composite?
True
Is 120522533 composite?
True
Is 5736669485 a prime number?
False
Is 172126547 composite?
True
Is 17317675007 a prime number?
True
Is 19411541947 a prime number?
False
Is 97029292229 a composite number?
False
Is 11654159813 prime?
True
Is 40903972001 a composite number?
True
Is 15284969899 a prime number?
True
Is 58125430801 composite?
True
Is 361708427 a prime number?
True
Is 454709851 a composite number?
False
Is 1548779651 prime?
False
Is 5551461311 a composite number?
True
Is 4818089317 a composite number?
True
Is 18767955917 composite?
True
Is 926002003 prime?
False
Is 79123561 prime?
False
Is 324616421 prime?
True
Is 2343163501 a composite number?
True
Is 5599400515 a prime number?
False
Is 1816977079 composite?
True
Is 19646224021 prime?
True
Is 4702014599 a composite number?
True
Is 5916817493 prime?
False
Is 309461099 composite?
True
Is 1046090707 composite?
True
Is 3609910129 a prime number?
False
Is 6202142821 composite?
True
Is 125636737 a prime number?
False
Is 247623995 composite?
True
Is 597179243 a prime number?
True
Is 7383335677 a composite number?
False
Is 58685313301 a composite number?
True
Is 87913191581 prime?
False
Is 1670746267 a prime number?
True
Is 4877761891 a composite number?
False
Is 23592766985 a prime number?
False
Is 77213887 composite?
False
Is 67415696503 a prime number?
True
Is 21769147 composite?
False
Is 689095447 a prime number?
True
Is 253528811 a composite number?
False
Is 20381070637 a prime number?
False
Is 1290320441 prime?
True
Is 4504360429 composite?
False
Is 218330121857 prime?
True
Is 1173358061 prime?
True
Is 3402004847 prime?
True
Is 2688351697 a prime number?
False
Is 46040622599 composite?
False
Is 5564941991 prime?
False
Is 135702704463 composite?
True
Is 5817745081 a prime number?
False
Is 27410822399 a composite number?
True
Is 3939115469 a prime number?
True
Is 3203041327 a prime number?
True
Is 10292918833 composite?
False
Is 7299611497 a composite number?
True
Is 13253008579 prime?
True
Is 3730521607 prime?
True
Is 379641077 a prime number?
True
Is 43767454649 a prime number?
False
Is 12807133867 prime?
False
Is 3829957195 composite?
True
Is 227023391041 a composite number?
True
Is 234936799439 a composite number?
False
Is 28799274089 a prime number?
False
Is 1110537739 a composite number?
True
Is 32872384943 prime?
True
Is 12596750501 composite?
False
Is 861943403 a composite number?
True
Is 6722331653 a composite number?
False
Is 3698899313 a prime number?
True
Is 392016126077 a prime number?
True
Is 12238130939 a prime number?
False
Is 9802800731 composite?
False
Is 19258093471 a prime number?
False
Is 50360090993 prime?
True
Is 56162062129 a composite number?
False
Is 19312778369 prime?
True
Is 1158738767 a composite number?
False
Is 38466234893 composite?
True
Is 2183202599 composite?
False
Is 253579331 prime?
False
Is 4197396199 a prime number?
True
Is 1375571501 a prime number?
False
Is 609826187 a composite number?
True
Is 1412611801 prime?
False
Is 7461764231 a composite number?
True
Is 2148833287 a prime number?
True
Is 27127201679 composite?
False
Is 3703926323 prime?
False
Is 246500291 a prime number?
False
Is 3689472119 a prime number?
True
Is 162795727 a composite number?
False
Is 17113976881 prime?
True
Is 738831187 a prime number?
True
Is 140034490943 prime?
False
Is 33180500965 prime?
False
Is 13679825017 prime?
True
Is 988056211 composite?
True
Is 293533237 a prime number?
False
Is 6481431569 a composite number?
False
Is 66324072637 prime?
True
Is 549405973 prime?
False
Is 1669500029 a prime number?
True
Is 31878679 a prime number?
False
Is 13913162941 composite?
False
Is 16089909443 composite?
True
Is 16609489751 prime?
True